24 (base 5) to base 15
200e
831 (base 11) to base 10
1002
What is -4325 (base 7) in base 6?
-11042
518 (base 10) to base 16
206
306 (base 16) to base 7
2154
What is 1240 (base 7) in base 16?
1d5
-111221101 (base 3) to base 2
-10011110110010
5a2 (base 12) to base 8
1512
2010 (base 15) to base 13
3105
Convert -287 (base 12) to base 11.
-326
What is 103030130 (base 4) in base 2?
10011001100011100
11100200 (base 3) to base 8
6151
12 (base 4) to base 7
6
Convert -1130 (base 14) to base 6.
-21450
Convert -35104 (base 9) to base 8.
-55565
What is 10746 (base 15) in base 2?
1100110000101010
What is 1011111011010 (base 2) in base 15?
1c21
1522 (base 11) to base 3
2200121
23212 (base 6) to base 14
12d2
-5380 (base 13) to base 15
-3681
Convert -10020320 (base 4) to base 9.
-25225
What is 4541 (base 6) in base 2?
10000101101
-45566 (base 8) to base 12
-b21a
Convert 8513 (base 11) to base 4.
2300003
10033 (base 5) to base 15
2cd
25552 (base 8) to base 3
120020122
What is -1d3 (base 14) in base 5?
-3011
What is -1566 (base 10) in base 12?
-aa6
Convert -10462 (base 7) to base 13.
-1282
Convert 10230 (base 5) to base 8.
1262
What is 106 (base 11) in base 5?
1002
1476 (base 12) to base 7
6660
-140002 (base 5) to base 12
-330b
2086 (base 10) to base 15
941
What is -76 (base 16) in base 13?
-91
Convert 110202 (base 4) to base 11.
a95
Convert -3432 (base 11) to base 9.
-6163
What is 11212 (base 7) in base 16?
b23
Convert -1100010110101 (base 2) to base 14.
-243b
What is -101110100001110 (base 2) in base 16?
-5d0e
Convert 14274 (base 14) to base 9.
75378
-801 (base 13) to base 10
-1353
Convert 120022 (base 3) to base 14.
217
1410 (base 5) to base 11
19a
What is -554 (base 6) in base 3?
-21221
-31a (base 13) to base 15
-255
Convert -33 (base 13) to base 2.
-101010
Convert -4045 (base 7) to base 16.
-57d
What is -32d2 (base 14) in base 6?
-104440
Convert -321022 (base 4) to base 11.
-2826
Convert -2055 (base 6) to base 12.
-32b
-15323 (base 8) to base 9
-10370
Convert -324 (base 9) to base 6.
-1121
Convert 16e (base 15) to base 8.
511
-dd2 (base 14) to base 13
-1322
Convert 2301 (base 6) to base 8.
1035
What is -134 (base 13) in base 11?
-183
Convert 635 (base 7) to base 3.
102212
What is 235e (base 15) in base 3?
101022022
What is -653 (base 13) in base 16?
-43a
What is -46080 (base 9) in base 16?
-77e2
6561 (base 7) to base 13
10b6
What is -206 (base 11) in base 13?
-161
101431 (base 5) to base 7
12546
-12088 (base 9) to base 12
-482b
-12b82 (base 12) to base 15
-79ee
What is -1552 (base 9) in base 8?
-2235
-1032102 (base 6) to base 4
-30131012
What is 10223100 (base 4) in base 5?
1103102
What is -2323 (base 5) in base 16?
-152
7a5 (base 11) to base 5
12322
What is -51842 (base 9) in base 15?
-a215
3310 (base 10) to base 8
6356
What is 4a9 (base 12) in base 10?
705
-d62 (base 14) to base 6
-20110
9701 (base 11) to base 15
3c02
Convert 21111 (base 5) to base 2.
10101111110
-4a6 (base 11) to base 2
-1001011000
a80 (base 13) to base 15
7e9
-3060 (base 7) to base 5
-13241
-4013 (base 6) to base 14
-465
Convert 11005 (base 8) to base 11.
3514
What is -680 (base 9) in base 16?
-22e
12b3 (base 16) to base 12
292b
What is -415 (base 10) in base 8?
-637
Convert -12202 (base 4) to base 8.
-642
Convert 221011 (base 4) to base 14.
d5b
Convert 16012 (base 9) to base 8.
25302
Convert 905 (base 10) to base 5.
12110
4500 (base 13) to base 7
40041
What is 1021221012 (base 3) in base 12?
128a2
804 (base 12) to base 13
6ac
-2044302 (base 5) to base 8
-103027
Convert -1211202 (base 3) to base 6.
-10115
What is 101100111 (base 2) in base 14?
1b9
10446 (base 9) to base 15
20bc
What is -1096 (base 12) in base 9?
-2466
-6802 (base 13) to base 4
-3203020
365165 (base 7) to base 10
66638
Convert 425 (base 11) to base 3.
200221
141c3 (base 13) to base 16
932d
What is 201460 (base 8) in base 9?
111014
-b9d (base 16) to base 8
-5635
What is 47a (base 12) in base 3?
220211
Convert -3436 (base 11) to base 3.
-20012021
Convert 231 (base 10) to base 11.
1a0
Convert 1001000000110 (base 2) to base 15.
1579
Convert -1001011111 (base 2) to base 5.
-4412
What is -1a339 (base 13) in base 14?
-14890
What is -a7a (base 11) in base 7?
-3532
23214 (base 6) to base 11
2550
What is -312454 (base 6) in base 2?
-110001010010010
What is 1001420 (base 5) in base 4?
3313310
Convert 9c1 (base 13) to base 6.
11434
Convert -1753 (base 15) to base 6.
-35140
11505 (base 10) to base 5
332010
9ff0 (base 16) to base 14
10cc8
Convert -1111101101100100 (base 2) to base 11.
-44396
What is -21122 (base 6) in base 11?
-2169
What is 11002120 (base 4) in base 13?
9511
What is 241010 (base 6) in base 5?
1132313
-76e (base 15) to base 2
-11010001111
-186 (base 14) to base 5
-2224
Convert 301213 (base 6) to base 8.
56111
Convert 266105 (base 7) to base 14.
143ac
Convert 3030 (base 7) to base 8.
2032
-ba02 (base 15) to base 4
-21213101
Convert -11344 (base 6) to base 14.
-85a
What is -7c (base 14) in base 3?
-11002
What is 5b93 (base 12) in base 2?
10100001011111
2426 (base 8) to base 10
1302
Convert -8e59 (base 15) to base 5.
-1431414
Convert 110 (base 16) to base 7.
536
1126 (base 8) to base 4
21112
What is -1221012 (base 3) in base 5?
-21114
What is -444120 (base 5) in base 15?
-490a
-2202212 (base 3) to base 4
-133211
10011001 (base 2) to base 5
1103
What is 2a59a (base 11) in base 8?
124452
Convert -4217 (base 8) to base 3.
-10000011
What is -510 (base 11) in base 13?
-385
2316 (base 9) to base 4
122310
-263a (base 12) to base 7
-15505
-101330 (base 4) to base 9
-1515
What is -1564 (base 16) in base 2?
-1010101100100
What is 101000011011111 (base 2) in base 3?
1001101210
Convert 5453 (base 8) to base 6.
21123
What is 100343 (base 5) in base 4?
302113
What is 111011100 (base 2) in base 9?
578
Convert -203 (base 5) to base 10.
-53
1124 (base 7) to base 6
1522
What is -3989 (base 15) in base 3?
-121211210
Convert -155b (base 15) to base 5.
-121321
What is -12a89 (base 11) in base 12?
-a92a
What is -9655 (base 10) in base 2?
-10010110110111
What is 101111121 (base 3) in base 11?
5831
454 (base 9) to base 16
175
-157600 (base 8) to base 14
-16bcc
-1092 (base 12) to base 2
-11100101110
What is -360122 (base 7) in base 14?
-19912
Convert -2201 (base 13) to base 16.
-127d
-1010111000000 (base 2) to base 5
-134233
Convert -1000101 (base 3) to base 8.
-1343
Convert -1005 (base 7) to base 15.
-183
Convert -506 (base 8) to base 4.
-11012
What is -1000100000110 (base 2) in base 3?
-12222102
-13112 (base 6) to base 9
-2648
Convert -425 (base 9) to base 3.
-110212
-102001022 (base 3) to base 16
-1f76
Convert -114204 (base 6) to base 16.
-271c
Convert -10211 (base 5) to base 9.
-836
What is 2410 (base 5) in base 6?
1351
Convert 23602 (base 7) to base 3.
22101221
Convert 189 (base 14) to base 2.
100111101
Convert 9a16 (base 11) to base 4.
3032112
-409 (base 14) to base 9
-1071
312212 (base 6) to base 8
61060
11a18 (base 13) to base 12
16959
2615 (base 7) to base 3
1100202
69d (base 15) to base 5
21443
-21422 (base 7) to base 15
-18c2
37a (base 11) to base 14
242
What is -1000011100110 (base 2) in base 12?
-2606
What is 104 (base 15) in base 7?
445
What is 11111100011 (base 2) in base 11?
1576
What is 3616 (base 9) in base 16?
a80
What is 4070 (base 13) in base 2?
10001010101111
Convert 34884 (base 9) to base 2.
101101100011011
Convert -74b (base 12) to base 15.
-4b2
Convert 58a5 (base 12) to base 5.
304132
What is -4ee (base 15) in base 12?
-798
What is -1949 (base 11) in base 6?
-15241
What is -220111 (base 3) in base 7?
-1633
2c09 (base 15) to base 7
36402
What is -4c34 (base 14) in base 5?
-411444
765 (base 8) to base 10
501
What is 7725 (base 8) in base 5?
112203
What is 62246 (base 9) in base 15?
c253
What is 54d9 (base 14) in base 5?
432240
What is -622 (base 11) in base 12?
-526
-7002 (base 12) to base 3
-121121002
-2072 (base 10) to base 14
-a80
-3010 (base 4) to base 2
-11000100
What is 427 (base 8) in base 14?
15d
Convert 1010201101 (base 3) to base 8.
53571
Convert 10101000110011 (base 2) to base 3.
112211010
-b18 (base 13) to base 12
-1108
394 (base 12) to base 3
202011
-1122110112 (base 3) to base 5
-2014124
-135 (base 9) to base 3
-11012
233115 (base 6) to base 10
20135
What is -5712 (base 8) in base 16?
-bca
-544 (base 10) 